{"id":9,"date":"2013-05-08T22:11:52","date_gmt":"2013-05-08T22:11:52","guid":{"rendered":"http:\/\/www.kula.si\/?page_id=9"},"modified":"2021-01-07T19:11:55","modified_gmt":"2021-01-07T19:11:55","slug":"revija-kula","status":"publish","type":"page","link":"https:\/\/www.kula.si\/?page_id=9","title":{"rendered":"Revija KULA"},"content":{"rendered":"<p>Revija Kula je znanstvena revija, ki razkriva humanisti\u010dne in dru\u017eboslovne perspektive razumevanja \u010dlove\u0161tva in \u010dlove\u0161kih na\u010dinov \u017eivljenja, predvsem na podro\u010djih etnologije, socialne in kulturne antropologije ter folkloristike in tudi muzeologije in kulturologije. Njen namen je vzpostaviti konceptualne povezave med razli\u010dnimi, tudi doslej nepovezanimi znanstvenimi stali\u0161\u010di in teorijami. Objavljanje v reviji je odprto tako \u0161tudentom kot tudi bolj uveljavljenim imenom v slovenskih in mednarodnih akademskih krogih. Sprejemamo znanstvene \u010dlanke in druge prispevke v slovenskem ali angle\u0161kem jeziku.<\/p>\n<p>Spletna revija izhaja v dveh \u0161tevilka letno, izjemoma tudi v tiskani obliki. Izdajata jo Slovensko etnolo\u0161ko in antropolo\u0161ko zdru\u017eenje Kula in Znanstvena zalo\u017eba FIlozofske fakultete (Oddelek za etnologijo in kulturno antropologijo, Filozofska Fakulteta, Univerza v Ljubljani).<br \/>\n____________________________________________________________________<\/p>\n<h3 style=\"text-align: center;\">Aktualna \u0161tevilka revije Kula<\/h3>\n<p><a href=\"https:\/\/www.kula.si\/wp-content\/uploads\/2015\/07\/Kula-Droge-spletna.pdf\" target=\"_blank\" rel=\"noopener noreferrer\"><img loading=\"lazy\" decoding=\"async\" class=\" aligncenter\" src=\"https:\/\/www.kula.si\/wp-content\/uploads\/2015\/07\/droge.bmp\" alt=\"\" width=\"256\" height=\"345\"><\/a><\/p>\n<p>Revija je iz\u0161la ob finan\u010dni podpori:<\/p>\n<table>\n<tbody>\n<tr>\n<td><a href=\"http:\/\/www.sou-lj.si\/sl\/\" target=\"_blank\" rel=\"noopener noreferrer\"><img loading=\"lazy\" decoding=\"async\" src=\"https:\/\/www.kula.si\/wp-content\/uploads\/2015\/01\/SOU_logotip_barvni.jpeg\" alt=\"\u0160OU logo\" width=\"100\" height=\"141\"><\/a><\/td>\n<td><a href=\"http:\/\/www.sou-lj.si\/sl\/uporabno\/drustveno-sticisce.html\" target=\"_blank\" rel=\"noopener noreferrer\"><img loading=\"lazy\" decoding=\"async\" src=\"https:\/\/www.kula.si\/wp-content\/uploads\/2015\/07\/stiks.png\" alt=\"STIKS logo\" width=\"200\" height=\"105\"><\/a><\/td>\n<\/tr>\n<\/tbody>\n<\/table>\n<h3>Arhiv revije Kula:<\/h3>\n<p><a href=\"https:\/\/www.kula.si\/wp-content\/uploads\/2014\/04\/Kulturna-dediscina-preteklosti-za-lepso-prihodnost-LR.pdf\">Kulturna dedi\u0161\u010dina preteklosti za lep\u0161o prihodnost, december 2009 &#8211; letnik 2, \u0161tevilka 2<\/a><\/p>\n<p><a href=\"https:\/\/www.kula.si\/wp-content\/uploads\/2014\/04\/Kula2-1Resnicnostnavideznihprostorov.pdf\">Resni\u010dnost navideznih prostorov, april 2009 &#8211; letnik 2, \u0161tevilka 1<\/a><\/p>\n<p><a href=\"https:\/\/www.kula.si\/wp-content\/uploads\/2014\/04\/kula_druga_stevilka.pdf\">Volja do mo\u010di, december 2008 &#8211; letnik 1, \u0161tevilka 2<\/a><\/p>\n<p><a href=\"https:\/\/www.kula.si\/wp-content\/uploads\/2014\/04\/kula_prva_stevilka.pdf\">Spektralna analiza spolov, april 2008 &#8211; letnik 1, \u0161tevilka 1<\/a><\/p>\n<p><a href=\"https:\/\/www.kula.si\/wp-content\/uploads\/2014\/04\/Kula3-Tito.pdf\">Tito: stara ikona v novih kontekstih, maj 2009 &#8211; posebna izdaja<\/a><\/p>\n<h3><\/h3>\n<h3>Arhiv \u010dasopisa K\u00fala\u010d:<\/h3>\n<p><a href=\"https:\/\/www.kula.si\/wp-content\/uploads\/2014\/04\/kul-jun-2006.pdf\">junij 2006<\/a><\/p>\n<p><a href=\"https:\/\/www.kula.si\/wp-content\/uploads\/2014\/04\/kul-apr-2006.pdf\">april 2006<\/a><\/p>\n<p><a href=\"https:\/\/www.kula.si\/wp-content\/uploads\/2014\/04\/kul-mar-2006.pdf\">marec 2006<\/a><\/p>\n<p><a href=\"https:\/\/www.kula.si\/wp-content\/uploads\/2014\/04\/kul-feb-2006.pdf\">februar 2006<\/a><\/p>\n<p>______________________________________________________________________<\/p>\n","protected":false},"excerpt":{"rendered":"<p>Revija Kula je znanstvena revija, ki razkriva humanisti\u010dne in dru\u017eboslovne perspektive razumevanja \u010dlove\u0161tva in \u010dlove\u0161kih na\u010dinov \u017eivljenja, predvsem na podro\u010djih etnologije, socialne in kulturne antropologije<\/p>\n","protected":false},"author":1,"featured_media":0,"parent":0,"menu_order":0,"comment_status":"closed","ping_status":"closed","template":"","meta":{"om_disable_all_campaigns":false,"_monsterinsights_skip_tracking":false,"_monsterinsights_sitenote_active":false,"_monsterinsights_sitenote_note":"","_monsterinsights_sitenote_category":0,"footnotes":""},"class_list":["post-9","page","type-page","status-publish","hentry","two-columns"],"_links":{"self":[{"href":"https:\/\/www.kula.si\/index.php?rest_route=\/wp\/v2\/pages\/9","targetHints":{"allow":["GET"]}}],"collection":[{"href":"https:\/\/www.kula.si\/index.php?rest_route=\/wp\/v2\/pages"}],"about":[{"href":"https:\/\/www.kula.si\/index.php?rest_route=\/wp\/v2\/types\/page"}],"author":[{"embeddable":true,"href":"https:\/\/www.kula.si\/index.php?rest_route=\/wp\/v2\/users\/1"}],"replies":[{"embeddable":true,"href":"https:\/\/www.kula.si\/index.php?rest_route=%2Fwp%2Fv2%2Fcomments&post=9"}],"version-history":[{"count":22,"href":"https:\/\/www.kula.si\/index.php?rest_route=\/wp\/v2\/pages\/9\/revisions"}],"predecessor-version":[{"id":1225,"href":"https:\/\/www.kula.si\/index.php?rest_route=\/wp\/v2\/pages\/9\/revisions\/1225"}],"wp:attachment":[{"href":"https:\/\/www.kula.si\/index.php?rest_route=%2Fwp%2Fv2%2Fmedia&parent=9"}],"curies":[{"name":"wp","href":"https:\/\/api.w.org\/{rel}","templated":true}]}}